15, what is -7 - 17e?
-186
In base 7, what is -102 - -2?
-100
In base 11, what is -522 - 5?
-527
In base 11, what is 832 + 2?
834
In base 13, what is 8 + bb?
c6
In base 15, what is 0 + 23b?
23b
In base 3, what is -20 - -11?
-2
In base 16, what is -8b + 3?
-88
In base 13, what is -14 + 8b?
77
In base 9, what is 6 + -680?
-673
In base 8, what is 26 - -52?
100
In base 14, what is 22 + d?
31
In base 15, what is 909 - 1?
908
In base 2, what is 11101010011100 - 0?
11101010011100
In base 2, what is 11000 - 1000101?
-101101
In base 8, what is 445 + -4?
441
In base 12, what is 31 - 1?
30
In base 4, what is 10 + -200?
-130
In base 8, what is 411 + 0?
411
In base 16, what is 1bfc + 0?
1bfc
In base 10, what is -33 + 66?
33
In base 15, what is 3 - ca?
-c7
In base 15, what is -a + -521?
-52b
In base 15, what is -5 + 39?
34
In base 9, what is 7 - -777?
785
In base 10, what is -44 - 46?
-90
In base 7, what is 1 - 361?
-360
In base 3, what is 201 - -2000?
2201
In base 13, what is -6a - -44?
-26
In base 16, what is 210 + 1?
211
In base 6, what is -350 + 1?
-345
In base 4, what is -222201 + 3?
-222132
In base 9, what is 18 + -68?
-50
In base 3, what is 1220 + -1220?
0
In base 13, what is -ab - 8?
-b6
In base 5, what is 302 - 3?
244
In base 5, what is -2 - 13131?
-13133
In base 5, what is -31040 + 3?
-31032
In base 6, what is 412 - 14?
354
In base 6, what is -3503 + 13?
-3450
In base 7, what is 4 + -164?
-160
In base 6, what is -42 - 5?
-51
In base 14, what is -1 + -80?
-81
In base 3, what is 1211 + -10110?
-1122
In base 12, what is 226 - 27?
1bb
In base 4, what is 0 - 22?
-22
In base 5, what is -2202 + 2?
-2200
In base 5, what is 10 + -2?
3
In base 2, what is 1100001 - 1?
1100000
In base 7, what is 600 - 12?
555
In base 2, what is 101 + -10000?
-1011
In base 16, what is -1 - b7?
-b8
In base 13, what is 1 + -50?
-4c
In base 13, what is -415 - 8?
-420
In base 12, what is -6 - -6?
0
In base 14, what is -52 - 2?
-54
In base 16, what is -2 - d?
-f
In base 2, what is -10000011101 - -11?
-10000011010
In base 7, what is -6436 - 2?
-6441
In base 9, what is -3365 - -2?
-3363
In base 8, what is -5365 - 4?
-5371
In base 16, what is 2 + 17?
19
In base 16, what is -1e - -39?
1b
In base 11, what is -77 + 85?
9
In base 10, what is 1308 + 7?
1315
In base 3, what is 120200 + -10?
120120
In base 3, what is 2 + -2121?
-2112
In base 10, what is 5 - -9?
14
In base 9, what is -25 - -5?
-20
In base 3, what is 22102 - 12?
22020
In base 16, what is b0e + -1?
b0d
In base 12, what is -29 - -29?
0
In base 3, what is -1011002202 - 0?
-1011002202
In base 12, what is -22 - -26?
4
In base 10, what is 493 + -3?
490
In base 5, what is -3 + 200?
142
In base 12, what is -5 + -297?
-2a0
In base 16, what is -4 - 302?
-306
In base 10, what is -11 + 142?
131
In base 12, what is -1 + 19?
18
In base 15, what is -1b + -14?
-30
In base 7, what is -115 + -2?
-120
In base 16, what is 1a + ac?
c6
In base 2, what is 1 - 10010011?
-10010010
In base 8, what is -27 + 21?
-6
In base 6, what is 40 + 10?
50
In base 8, what is -4 + 366?
362
In base 4, what is -10 - 130200?
-130210
In base 6, what is -325 - 4?
-333
In base 13, what is 35 + 31?
66
In base 5, what is -20 - -3303?
3233
In base 16, what is -4 - -19?
15
In base 12, what is 5 + 46?
4b
In base 8, what is 30501 - 1?
30500
In base 5, what is 440 + 10?
1000
In base 11, what is -5 + -78?
-82
In base 13, what is -a6 - -8?
-9b
In base 11, what is 6 + -630?
-625
In base 6, what is -44 + 3?
-41
In base 13, what is -3 + -1bb2?
-1bb5
In base 10, what is 2 + 49?
51
In base 8, what is 3 + 531?
534
In base 10, what is 4137 - 2?
4135
In base 14, what is a + b40?
b4a
In base 7, what is -5 - -2251?
2243
In base 8, what is -64 + 0?
-64
In base 16, what is 4 + 639?
63d
In base 5, what is -1212 - 2?
-1214
In base 14, what is 9093 - 0?
9093
In base 6, what is 3 - 23323?
-23320
In base 6, what is -5302 + 0?
-5302
In base 2, what is 1 - -1000?
1001
In base 6, what is -222 - -1?
-221
In base 6, what is 3 - 210?
-203
In base 14, what is 67 - -1b?
84
In base 13, what is -7 + -5?
-c
In base 10, what is -95 - 28?
-123
In base 8, what is 56 + -42?
14
In base 13, what is -1c + 5?
-17
In base 6, what is -1 - 2352?
-2353
In base 10, what is 4 + 16?
20
In base 5, what is -20313 + 44?
-20214
In base 13, what is 1b7 - 2?
1b5
In base 14, what is -1 - 13?
-14
In base 15, what is 16 + -19?
-3
In base 12, what is 14345 - -3?
14348
In base 11, what is 114 - -2?
116
In base 7, what is 1 + -233?
-232
In base 10, what is 31 - 95?
-64
In base 15, what is -2 + -cbd?
-cc0
In base 7, what is -104 + 10?
-64
In base 3, what is 11 - 11010122?
-11010111
In base 11, what is -5 + -305?
-30a
In base 2, what is -10011000 + 10?
-10010110
In base 15, what is 4 - -44?
48
In base 4, what is -2 + 12232?
12230
In base 12, what is 4 - -7?
b
In base 14, what is -2 + c?
a
In base 11, what is a + -2a2?
-293
In base 15, what is -b5 + 23?
-92
In base 14, what is -14 - b?
-21
In base 11, what is -9a2 + -3?
-9a5
In base 15, what is -110 + -4?
-114
In base 9, what is 63 + 2?
65
In base 4, what is 1333 + 103?
2102
In base 5, what is -112 - 11321?
-11433
In base 6, what is -5000 - 5?
-5005
In base 4, what is 321 + 2?
323
In base 13, what is 5 - 10b1?
-10a9
In base 2, what is -1001010 - -1011101?
10011
In base 11, what is -a44 - 8?
-a51
In base 16, what is -39 + 16?
-23
In base 15, what is 88 - 34?
54
In base 14, what is -54db - 3?
-5500
In base 15, what is 5 + -5ac?
-5a7
In base 8, what is 5 + -6501?
-6474
In base 16, what is 2 + 2d?
2f
In base 7, what is 301164 + 5?
301202
In base 11, what is -a01 + 4?
-9a8
In base 9, what is 4870 - 0?
4870
In base 11, what is -3 - 20?
-23
In base 6, what is -114342 - 4?
-114350
In base 16, what is -5 - -3b?
36
In base 7, what is -321 - 3?
-324
In base 12, what is 897 - 7?
890
In base 3, what is 2120 + -2?
2111
In base 12, what is b4 - 5a?
56
In base 5, what is -1414 + -10?
-1424
In base 2, what is -110 + -10001001011?
-10001010001
In base 5, what is -200 - 1?
-201
In base 8, what is 16 - -7?
25
In base 4, what is -1122121 + 1?
-1122120
In base 11, what is -67 - -5?
-62
In base 6, what is -20 + 34?
14
In base 9, what is 866 - -2?
868
In base 7, what is -6636 + -4?
-6643
In base 3, what is 1010 + -11220?
-10210
In base 9, what is 230 + -3?
226
In base 4, what is -11 + 10221?
10210
In base 11, what is 329 + 75?
3a3
In base 11, what is -2446 + -2?
-2448
In base 16, what is -1b - -7?
-14
In base 11, what is -32 - 7?
-39
In base 13, what is 4 + 105?
109
In base 9, what is 3 - 332?
-328
In base 10, what is 2 + -12?
-10
In base 6, what is 5 + -143?
-134
In base 16, what is 175 - -6?
17b
In base 6, what is -1310 + 4?
-1302
In base 12, what is -1 - 4183?
-4184
In base 16, what is 3 + 260?
263
In base 15, what is -816 - 2?
-818
In base 9, what is 366 - -4?
371
In base 8, what is -4 + -412?
-416
In base 7, what is -5 - 13232?
-13240
In base 11, what is 2 + 10a9?
1100
In base 3, what is -10 - -11011?
11001
In base 2, what is -1100101 - 10?
-1100111
In base 4, what is -10 + 10020?
10010
In base 3, what is -1 + -1220?
-1221
In base 11, what is 5 + -456?
-451
In base 2, what is 1110111 - 11?
1110100
In base 6, what is 2011 + -3?
2004
In base 4, what is 1 - 1213?
-1212
In base 2, what is -101011001 - 11?
-101011100
In base 7, what is 1540 - 10?
1530
In base 8, what is -25 + -12?
-37
In base 4, what is -2132 + -111?
-2303
In base 13, what is 9 + -23?
-17
In base 12, what is 5 - -744?
749
In base 8, what is 1147 - -5?
1154
In base 14, what is -1a - -579?
55d
In base 3, what is 2 - -20102?
20111
In base 8, what is -7 - 2?
-11
In base 14, what is -3a8 - 0?
-3a8
In base 15, what is 1 + -332?
-331
In base 9, what is -4218 - -3?
-4215
In base 13, what is -5 - -73?
6b
In base 6, what is -2 + 325?
323
In base 8, what is -1 + -11?
-12
In base 4, what is 3031 + -21?
3010
In base 15, what is -b3 - -1?
-b2
In base 6, what is 23 + -15?
4
In base 10, what is 8 + -30?
-22
In base 7, what is 6 - 52?
-43
In base 8, what is -374 + -126?
-522
In base 13, what is -3 - -70b?
708
In base 10, what is -5292 + 8?
-5284
In base 13, what is -177 - -7?
-170
In base 3, what is 2 - -10?
12
In base 13, what is -1 - -43b?
43a
In base 9, what is 11 - 411?
-400
In base 9, what is -1 + -468?
-470
In base 15, what is 3 - -5?
8
In base 10, w